{"id":45,"date":"2015-05-11T15:13:57","date_gmt":"2015-05-11T13:13:57","guid":{"rendered":"http:\/\/gaestehaus.reiterhof-bad-fuessing.de\/?page_id=45"},"modified":"2024-04-01T14:53:35","modified_gmt":"2024-04-01T12:53:35","slug":"wir-ueber-uns","status":"publish","type":"page","link":"https:\/\/gaestehaus.reiterhof-bad-fuessing.de\/?page_id=45","title":{"rendered":"Herzlich Willkommen!"},"content":{"rendered":"<p>Unseren G\u00e4sten erwartet ein ruhiges Haus in gem\u00fctliche Atmosph\u00e4re eingebettet in die nat\u00fcrlicher Umgebung des unteren Inns.<br \/>\nSie haben ab Fr\u00fchjahr 2019 nach dem Umbau die Wahl zwischen den 5 neu umgebauten Zweizimmer-Ferienappartements, einem Einzimmer-Appartement und der bestehenden Ferienwohnung, welche alle mit Dusche\/WC, F\u00f6n, TV und Safe ausgestattet sind. Gratis WLAN und Lift ist f\u00fcr Hausg\u00e4ste vorhanden.<\/p>\n<p>Direkt in unmittelbarer Umgebung befinden sich zahlreiche, gut ausgeschilderte Rad und Wanderwege quer durch das Europareservat Unterer INN.<\/p>\n<p>Auch f\u00fcr Biker h\u00e4lt das Inn- und Rottal Einiges bereit. Ob gem\u00fctlicher Radweg oder knackige Mountainbike-Tour, kulturelle Veranstaltungen, hier ist f\u00fcr jeden etwas dabei.<br \/>\nRadfahrer sind uns herzlich willkommen, bei uns k\u00f6nnen Sie problemlos von der Haust\u00fcr aus starten.<\/p>\n<div id=\"Layer9\"><strong>Der Reiterhof,<\/strong><br \/>\nneu renoviert und liegt unweit von der Therme Johannesbad und dem Ortszentrum von Bad F\u00fcssing. Die gro\u00dfz\u00fcgige sonnige Terrasse und auch die Liege- und Ruhewiese im hauseigenen Garten unseres Hauses sind wunderbare Pl\u00e4tze um sich zu entspannen.<\/div>\n<div><\/div>\n<div><strong>Das Restaurant,<\/strong><\/div>\n<div>im l\u00e4ndlichen Stil gehaltenen, verbreiten behagliche Atmosph\u00e4re.<\/div>\n<div>Seit 1.12.2023 neu verpachtet.<\/div>\n<div><\/div>\n<div>wir freuen uns auf ihren Besuch!<br \/>\nIhre\u00a0 Vermieter\u00a0<em>Familie Pollich<\/em><\/div>\n","protected":false},"excerpt":{"rendered":"<p>Unseren G\u00e4sten erwartet ein ruhiges Haus in gem\u00fctliche Atmosph\u00e4re eingebettet in die nat\u00fcrlicher Umgebung des unteren Inns. Sie haben ab Fr\u00fchjahr 2019 nach dem Umbau die Wahl zwischen den 5 neu umgebauten Zweizimmer-Ferienappartements, einem Einzimmer-Appartement und der bestehenden Ferienwohnung, welche alle mit Dusche\/WC, F\u00f6n, TV und Safe ausgestattet sind. Gratis WLAN und Lift ist f\u00fcr Hausg\u00e4ste vorhanden. Direkt in unmittelbarer Umgebung befinden sich zahlreiche, gut ausgeschilderte Rad und Wanderwege quer durch das Europareservat Unterer INN. Auch f\u00fcr Biker h\u00e4lt das Inn- und Rottal Einiges bereit. Ob gem\u00fctlicher Radweg oder knackige Mountainbike-Tour, kulturelle Veranstaltungen, hier ist f\u00fcr jeden etwas dabei. Radfahrer sind uns herzlich willkommen, bei uns k\u00f6nnen Sie problemlos von der Haust\u00fcr aus starten. Der Reiterhof, neu renoviert und liegt unweit von der Therme Johannesbad und dem Ortszentrum von Bad F\u00fcssing. Die gro\u00dfz\u00fcgige sonnige Terrasse und auch die Liege- und Ruhewiese im hauseigenen Garten unseres Hauses sind wunderbare Pl\u00e4tze um sich zu entspannen. Das Restaurant, im l\u00e4ndlichen Stil gehaltenen, verbreiten behagliche Atmosph\u00e4re. Seit 1.12.2023 neu verpachtet. wir freuen uns auf ihren Besuch! Ihre\u00a0 Vermieter\u00a0Familie Pollich<\/p>\n","protected":false},"author":1,"featured_media":110,"parent":0,"menu_order":0,"comment_status":"closed","ping_status":"closed","template":"","meta":{"_links_to":"","_links_to_target":""},"_links":{"self":[{"href":"https:\/\/gaestehaus.reiterhof-bad-fuessing.de\/index.php?rest_route=\/wp\/v2\/pages\/45"}],"collection":[{"href":"https:\/\/gaestehaus.reiterhof-bad-fuessing.de\/index.php?rest_route=\/wp\/v2\/pages"}],"about":[{"href":"https:\/\/gaestehaus.reiterhof-bad-fuessing.de\/index.php?rest_route=\/wp\/v2\/types\/page"}],"author":[{"embeddable":true,"href":"https:\/\/gaestehaus.reiterhof-bad-fuessing.de\/index.php?rest_route=\/wp\/v2\/users\/1"}],"replies":[{"embeddable":true,"href":"https:\/\/gaestehaus.reiterhof-bad-fuessing.de\/index.php?rest_route=%2Fwp%2Fv2%2Fcomments&post=45"}],"version-history":[{"count":34,"href":"https:\/\/gaestehaus.reiterhof-bad-fuessing.de\/index.php?rest_route=\/wp\/v2\/pages\/45\/revisions"}],"predecessor-version":[{"id":752,"href":"https:\/\/gaestehaus.reiterhof-bad-fuessing.de\/index.php?rest_route=\/wp\/v2\/pages\/45\/revisions\/752"}],"wp:featuredmedia":[{"embeddable":true,"href":"https:\/\/gaestehaus.reiterhof-bad-fuessing.de\/index.php?rest_route=\/wp\/v2\/media\/110"}],"wp:attachment":[{"href":"https:\/\/gaestehaus.reiterhof-bad-fuessing.de\/index.php?rest_route=%2Fwp%2Fv2%2Fmedia&parent=45"}],"curies":[{"name":"wp","href":"https:\/\/api.w.org\/{rel}","templated":true}]}}