{"id":396,"date":"2019-04-17T08:54:49","date_gmt":"2019-04-17T06:54:49","guid":{"rendered":"http:\/\/gaestehaus.reiterhof-bad-fuessing.de\/?page_id=396"},"modified":"2026-01-12T14:00:24","modified_gmt":"2026-01-12T13:00:24","slug":"die-neuen-zweizimmer-ferienwohnungen-1-2","status":"publish","type":"page","link":"https:\/\/gaestehaus.reiterhof-bad-fuessing.de\/?page_id=396","title":{"rendered":"Die neuen Zweizimmer &#8211; Ferienwohnungen f\u00fcr 1-2 Personen"},"content":{"rendered":"<div id=\"su_carousel_69e4b8d015e6d\" class=\"su-carousel su-carousel-centered su-carousel-pages-no su-carousel-responsive-yes su-lightbox-gallery\" style=\"width:100%\" data-autoplay=\"3000\" data-speed=\"600\" data-mousewheel=\"true\" data-items=\"3\" data-scroll=\"1\"><div class=\"su-carousel-slides\"><div class=\"su-carousel-slide\"><a href=\"https:\/\/gaestehaus.reiterhof-bad-fuessing.de\/wp-content\/uploads\/2019\/05\/Grundriss-1.jpg\" title=\"Grundriss 1\"><img src=\"https:\/\/gaestehaus.reiterhof-bad-fuessing.de\/wp-content\/uploads\/2019\/05\/Grundriss-1-182x100.jpg\" alt=\"Grundriss 1\" \/><span class=\"su-carousel-slide-title\">Grundriss 1<\/span><\/a><\/div><div class=\"su-carousel-slide\"><a href=\"https:\/\/gaestehaus.reiterhof-bad-fuessing.de\/wp-content\/uploads\/2019\/05\/Grundriss-2-3-103-104.jpg\" title=\"Grundriss 2-3-103-104\"><img src=\"https:\/\/gaestehaus.reiterhof-bad-fuessing.de\/wp-content\/uploads\/2019\/05\/Grundriss-2-3-103-104-182x100.jpg\" alt=\"Grundriss 2-3-103-104\" \/><span class=\"su-carousel-slide-title\">Grundriss 2-3-103-104<\/span><\/a><\/div><div class=\"su-carousel-slide\"><a href=\"https:\/\/gaestehaus.reiterhof-bad-fuessing.de\/wp-content\/uploads\/2019\/04\/Neue-FEWO-Schlafzimmer-2-3-103-104.jpg\" title=\"Neue FEWO Schlafzimmer 2-3-103-104\"><img src=\"https:\/\/gaestehaus.reiterhof-bad-fuessing.de\/wp-content\/uploads\/2019\/04\/Neue-FEWO-Schlafzimmer-2-3-103-104-182x100.jpg\" alt=\"Neue FEWO Schlafzimmer 2-3-103-104\" \/><span class=\"su-carousel-slide-title\">Neue FEWO Schlafzimmer 2-3-103-104<\/span><\/a><\/div><div class=\"su-carousel-slide\"><a href=\"https:\/\/gaestehaus.reiterhof-bad-fuessing.de\/wp-content\/uploads\/2019\/04\/Neue-FEWO-K\u00fcchenzeile-Wohnbereich.jpg\" title=\"Neue FEWO &#8211; K\u00fcchenzeile &#8211; Wohnbereich\"><img src=\"https:\/\/gaestehaus.reiterhof-bad-fuessing.de\/wp-content\/uploads\/2019\/04\/Neue-FEWO-K\u00fcchenzeile-Wohnbereich-182x100.jpg\" alt=\"Neue FEWO &#8211; K\u00fcchenzeile &#8211; Wohnbereich\" \/><span class=\"su-carousel-slide-title\">Neue FEWO &#8211; K\u00fcchenzeile &#8211; Wohnbereich<\/span><\/a><\/div><div class=\"su-carousel-slide\"><a href=\"https:\/\/gaestehaus.reiterhof-bad-fuessing.de\/wp-content\/uploads\/2019\/04\/Neue-FEWO-Essbereich.jpg\" title=\"Neue FEWO &#8211; Essbereich\"><img src=\"https:\/\/gaestehaus.reiterhof-bad-fuessing.de\/wp-content\/uploads\/2019\/04\/Neue-FEWO-Essbereich-182x100.jpg\" alt=\"Neue FEWO &#8211; Essbereich\" \/><span class=\"su-carousel-slide-title\">Neue FEWO &#8211; Essbereich<\/span><\/a><\/div><div class=\"su-carousel-slide\"><a href=\"https:\/\/gaestehaus.reiterhof-bad-fuessing.de\/wp-content\/uploads\/2019\/04\/Neue-FEWO-Essbereich-Zimmer-2-3-103-104.jpg\" title=\"Neue FEWO &#8211; Essbereich Zimmer 2-3-103-104\"><img src=\"https:\/\/gaestehaus.reiterhof-bad-fuessing.de\/wp-content\/uploads\/2019\/04\/Neue-FEWO-Essbereich-Zimmer-2-3-103-104-182x100.jpg\" alt=\"Neue FEWO &#8211; Essbereich Zimmer 2-3-103-104\" \/><span class=\"su-carousel-slide-title\">Neue FEWO &#8211; Essbereich Zimmer 2-3-103-104<\/span><\/a><\/div><div class=\"su-carousel-slide\"><a href=\"https:\/\/gaestehaus.reiterhof-bad-fuessing.de\/wp-content\/uploads\/2019\/03\/FW1-6.jpg\" title=\"FW1-6\"><img src=\"https:\/\/gaestehaus.reiterhof-bad-fuessing.de\/wp-content\/uploads\/2019\/03\/FW1-6-182x100.jpg\" alt=\"FW1-6\" \/><span class=\"su-carousel-slide-title\">FW1-6<\/span><\/a><\/div><div class=\"su-carousel-slide\"><a href=\"https:\/\/gaestehaus.reiterhof-bad-fuessing.de\/wp-content\/uploads\/2019\/04\/Neue-FEWO-Wohnbereich-Zimmer-2-3-103-104.jpg\" title=\"Neue FEWO &#8211; Wohnbereich Zimmer 2-3-103-104\"><img src=\"https:\/\/gaestehaus.reiterhof-bad-fuessing.de\/wp-content\/uploads\/2019\/04\/Neue-FEWO-Wohnbereich-Zimmer-2-3-103-104-182x100.jpg\" alt=\"Neue FEWO &#8211; Wohnbereich Zimmer 2-3-103-104\" \/><span class=\"su-carousel-slide-title\">Neue FEWO &#8211; Wohnbereich Zimmer 2-3-103-104<\/span><\/a><\/div><div class=\"su-carousel-slide\"><a href=\"https:\/\/gaestehaus.reiterhof-bad-fuessing.de\/wp-content\/uploads\/2019\/06\/FEWO-BAD-e1560350452271.jpg\" title=\"FEWO BAD\"><img src=\"https:\/\/gaestehaus.reiterhof-bad-fuessing.de\/wp-content\/uploads\/2019\/06\/FEWO-BAD-e1560350452271.jpg\" alt=\"FEWO BAD\" \/><span class=\"su-carousel-slide-title\">FEWO BAD<\/span><\/a><\/div><div class=\"su-carousel-slide\"><a href=\"https:\/\/gaestehaus.reiterhof-bad-fuessing.de\/wp-content\/uploads\/2019\/05\/DSC00194.jpg\" title=\"DSC00194\"><img src=\"https:\/\/gaestehaus.reiterhof-bad-fuessing.de\/wp-content\/uploads\/2019\/05\/DSC00194-182x100.jpg\" alt=\"DSC00194\" \/><span class=\"su-carousel-slide-title\">DSC00194<\/span><\/a><\/div><div class=\"su-carousel-slide\"><a href=\"https:\/\/gaestehaus.reiterhof-bad-fuessing.de\/wp-content\/uploads\/2015\/06\/Slider_gh09.jpg\" title=\"Slider_gh09\"><img src=\"https:\/\/gaestehaus.reiterhof-bad-fuessing.de\/wp-content\/uploads\/2015\/06\/Slider_gh09-182x100.jpg\" alt=\"Slider_gh09\" \/><span class=\"su-carousel-slide-title\">Slider_gh09<\/span><\/a><\/div><div class=\"su-carousel-slide\"><a href=\"https:\/\/gaestehaus.reiterhof-bad-fuessing.de\/wp-content\/uploads\/2015\/06\/Slider_gh02.jpg\" title=\"Slider_gh02\"><img src=\"https:\/\/gaestehaus.reiterhof-bad-fuessing.de\/wp-content\/uploads\/2015\/06\/Slider_gh02-182x100.jpg\" alt=\"Slider_gh02\" \/><span class=\"su-carousel-slide-title\">Slider_gh02<\/span><\/a><\/div><\/div><div class=\"su-carousel-nav\"><div class=\"su-carousel-direction\"><span class=\"su-carousel-prev\"><\/span><span class=\"su-carousel-next\"><\/span><\/div><div class=\"su-carousel-pagination\"><\/div><\/div><\/div>\n<p>Eine im EG mit gro\u00dfer Terrasse und 2 im 1. OG mit\u00a0 2 Balkonen, Schlafzimmer mit Doppelbett, 2 WC mit Dusche, Wohnraum mit Couchgarnitur, Esstisch und\u00a0 moderner K\u00fcchenzeile mit Sp\u00fclmaschine\u00a0 mit\u00a0 ca. 55 qm Wohnfl\u00e4che f\u00fcr 1-2 Personen.<\/p>\n<h5><strong>Preise je \u00dcbernachtung:<\/strong><\/h5>\n<ul>\n<li>1 bis \u00a0 3 \u00dcN\u00a0\u00a0\u00a0\u00a0\u00a0\u00a0\u00a0\u00a0\u00a0\u00a0\u00a0\u00a0\u00a0\u00a0\u00a0\u00a0\u00a0\u00a0\u00a0 \u20ac 75,00 (2026)<\/li>\n<li>4 \u00dcN\u00a0\u00a0\u00a0\u00a0\u00a0\u00a0\u00a0\u00a0\u00a0\u00a0\u00a0\u00a0\u00a0\u00a0\u00a0\u00a0\u00a0\u00a0\u00a0\u00a0\u00a0\u00a0\u00a0\u00a0\u00a0\u00a0\u00a0\u00a0\u00a0\u00a0 \u20ac 60,00 (2026)<\/li>\n<li>5 bis\u00a0\u00a0 7 \u00dcN\u00a0\u00a0\u00a0\u00a0\u00a0\u00a0\u00a0\u00a0\u00a0\u00a0\u00a0\u00a0\u00a0\u00a0\u00a0\u00a0\u00a0\u00a0\u00a0 \u20ac 55,00 (2026)<\/li>\n<li>8 bis 14 \u00dcN\u00a0\u00a0\u00a0\u00a0\u00a0\u00a0\u00a0\u00a0\u00a0\u00a0\u00a0\u00a0\u00a0\u00a0\u00a0\u00a0\u00a0\u00a0\u00a0 \u20ac 52,00 (2026)<\/li>\n<li>ab\u00a0\u00a0\u00a0\u00a0 15 \u00dcN\u00a0\u00a0\u00a0\u00a0\u00a0\u00a0\u00a0\u00a0\u00a0\u00a0\u00a0\u00a0\u00a0\u00a0\u00a0\u00a0\u00a0\u00a0\u00a0 \u20ac 51,00 (2026)<\/li>\n<\/ul>\n<p><strong>Zwischenreinigung nach Wunsch:\u00a0\u00a0\u00a0\u00a0\u00a0\u00a0\u00a0\u00a0\u00a0\u00a0\u00a0\u00a0\u00a0\u00a0\u00a0\u00a0\u00a0\u00a0\u00a0\u00a0\u00a0\u00a0\u00a0\u00a0\u00a0\u00a0\u00a0\u00a0\u00a0\u00a0\u00a0\u00a0\u00a0\u00a0\u00a0\u00a0 \u20ac 50,00 <\/strong><\/p>\n<p>Alle 2-Zimmerappartements haben 2 m\u00f6blierte Balkone oder gro\u00dfe Terrasse und sind mit Dusche\/WC, F\u00f6hn, moderner K\u00fcchenzeile, 2 Sat-TV, Radiowecker, Kompakt-Stereoanlage, Tresor\u00a0 und kostenlosem WLAN ausgestattet<\/p>\n<p><strong>Hinweise:<\/strong><\/p>\n<p>Kurtaxe zzgl. \u20ac 2,80 &#8211; \u20ac 2,70 \/ Tag und Person je nach Saison<\/p>\n<p><strong>Unser Haus ist ein Nichtraucherhaus. Hunde sind leider nicht erlaubt.<\/strong><\/p>\n<p>Stornierungen bis 30 Tage vor Anreise kostenfrei, Stornierungen zwischen 30-14 Tage vor Anreise werden mit 50% der Gesamtkosten berechnet. Stornierungen in den 14 Tagen vor Anreise werden mit 100% der Gesamtkosten berechnet. Wir empfehlen eine Reise-R\u00fccktrittversicherung.<\/p>\n<ul>\n<li>Alle Preise inkl. 7% Mehrwertsteuer zzgl. Kurtaxe und Nebenkosten f\u00fcr beanspruchte Zusatzleistungen. Unsere Preise richten sich nach Appartementtyp, Aufenthaltsdauer und Personenzahl.<\/li>\n<li>Alle Preise inkl. Endreinigung, Handtuchsatz und Bettw\u00e4sche<\/li>\n<li>Handtuchwechsel nach jeweils 7 Tagen und frische Bettw\u00e4sche bei Aufenthalten ab 3 Wochen inklusive. Zus\u00e4tzliche W\u00e4sche und Zwischenreinigung buchbar.<\/li>\n<li>Im Fall einer MwSt.-Erh\u00f6hung oder allgemeiner Preissteigerungen behalten wir uns vor, die Preise entsprechend anzupassen.<\/li>\n<\/ul>\n<a href=\"https:\/\/gaestehaus.reiterhof-bad-fuessing.de\/?page_id=106\" title=\"\" target=\"_self\" rel=\"\" class=\" gdl-button large\">Verf\u00fcgbarkeit pr\u00fcfen<\/a>\n","protected":false},"excerpt":{"rendered":"<p>Eine im EG mit gro\u00dfer Terrasse und 2 im 1. OG mit\u00a0 2 Balkonen, Schlafzimmer mit Doppelbett, 2 WC mit Dusche, Wohnraum mit Couchgarnitur, Esstisch und\u00a0 moderner K\u00fcchenzeile mit Sp\u00fclmaschine\u00a0 mit\u00a0 ca. 55 qm Wohnfl\u00e4che f\u00fcr 1-2 Personen. Preise je \u00dcbernachtung: 1 bis \u00a0 3 \u00dcN\u00a0\u00a0\u00a0\u00a0\u00a0\u00a0\u00a0\u00a0\u00a0\u00a0\u00a0\u00a0\u00a0\u00a0\u00a0\u00a0\u00a0\u00a0\u00a0 \u20ac 75,00 (2026) 4 \u00dcN\u00a0\u00a0\u00a0\u00a0\u00a0\u00a0\u00a0\u00a0\u00a0\u00a0\u00a0\u00a0\u00a0\u00a0\u00a0\u00a0\u00a0\u00a0\u00a0\u00a0\u00a0\u00a0\u00a0\u00a0\u00a0\u00a0\u00a0\u00a0\u00a0\u00a0 \u20ac 60,00 (2026) 5 bis\u00a0\u00a0 7 \u00dcN\u00a0\u00a0\u00a0\u00a0\u00a0\u00a0\u00a0\u00a0\u00a0\u00a0\u00a0\u00a0\u00a0\u00a0\u00a0\u00a0\u00a0\u00a0\u00a0 \u20ac 55,00 (2026) 8 bis 14 \u00dcN\u00a0\u00a0\u00a0\u00a0\u00a0\u00a0\u00a0\u00a0\u00a0\u00a0\u00a0\u00a0\u00a0\u00a0\u00a0\u00a0\u00a0\u00a0\u00a0 \u20ac 52,00 (2026) ab\u00a0\u00a0\u00a0\u00a0 15 \u00dcN\u00a0\u00a0\u00a0\u00a0\u00a0\u00a0\u00a0\u00a0\u00a0\u00a0\u00a0\u00a0\u00a0\u00a0\u00a0\u00a0\u00a0\u00a0\u00a0 \u20ac 51,00 (2026) Zwischenreinigung nach Wunsch:\u00a0\u00a0\u00a0\u00a0\u00a0\u00a0\u00a0\u00a0\u00a0\u00a0\u00a0\u00a0\u00a0\u00a0\u00a0\u00a0\u00a0\u00a0\u00a0\u00a0\u00a0\u00a0\u00a0\u00a0\u00a0\u00a0\u00a0\u00a0\u00a0\u00a0\u00a0\u00a0\u00a0\u00a0\u00a0\u00a0 \u20ac 50,00 Alle 2-Zimmerappartements haben 2 m\u00f6blierte Balkone oder gro\u00dfe Terrasse und sind mit Dusche\/WC, F\u00f6hn, moderner K\u00fcchenzeile, 2 Sat-TV, Radiowecker, Kompakt-Stereoanlage, Tresor\u00a0 und kostenlosem WLAN ausgestattet Hinweise: Kurtaxe zzgl. \u20ac 2,80 &#8211; \u20ac 2,70 \/ Tag und Person je nach Saison Unser Haus ist ein Nichtraucherhaus. Hunde sind leider nicht erlaubt. Stornierungen bis 30 Tage vor Anreise kostenfrei, Stornierungen zwischen 30-14 Tage vor Anreise werden mit 50% der Gesamtkosten berechnet. Stornierungen in den 14 Tagen vor Anreise werden mit 100% der Gesamtkosten berechnet. Wir empfehlen eine Reise-R\u00fccktrittversicherung. Alle Preise inkl. 7% Mehrwertsteuer zzgl. Kurtaxe und Nebenkosten f\u00fcr beanspruchte Zusatzleistungen. Unsere Preise richten sich nach Appartementtyp, Aufenthaltsdauer und Personenzahl. Alle Preise inkl. Endreinigung, Handtuchsatz und Bettw\u00e4sche Handtuchwechsel nach jeweils 7 Tagen und frische Bettw\u00e4sche bei Aufenthalten ab 3 Wochen inklusive. Zus\u00e4tzliche W\u00e4sche und Zwischenreinigung buchbar. Im Fall einer MwSt.-Erh\u00f6hung oder allgemeiner Preissteigerungen behalten wir uns vor, die Preise entsprechend anzupassen.<\/p>\n","protected":false},"author":1,"featured_media":0,"parent":0,"menu_order":0,"comment_status":"closed","ping_status":"closed","template":"","meta":{"_links_to":"","_links_to_target":""},"_links":{"self":[{"href":"https:\/\/gaestehaus.reiterhof-bad-fuessing.de\/index.php?rest_route=\/wp\/v2\/pages\/396"}],"collection":[{"href":"https:\/\/gaestehaus.reiterhof-bad-fuessing.de\/index.php?rest_route=\/wp\/v2\/pages"}],"about":[{"href":"https:\/\/gaestehaus.reiterhof-bad-fuessing.de\/index.php?rest_route=\/wp\/v2\/types\/page"}],"author":[{"embeddable":true,"href":"https:\/\/gaestehaus.reiterhof-bad-fuessing.de\/index.php?rest_route=\/wp\/v2\/users\/1"}],"replies":[{"embeddable":true,"href":"https:\/\/gaestehaus.reiterhof-bad-fuessing.de\/index.php?rest_route=%2Fwp%2Fv2%2Fcomments&post=396"}],"version-history":[{"count":26,"href":"https:\/\/gaestehaus.reiterhof-bad-fuessing.de\/index.php?rest_route=\/wp\/v2\/pages\/396\/revisions"}],"predecessor-version":[{"id":837,"href":"https:\/\/gaestehaus.reiterhof-bad-fuessing.de\/index.php?rest_route=\/wp\/v2\/pages\/396\/revisions\/837"}],"wp:attachment":[{"href":"https:\/\/gaestehaus.reiterhof-bad-fuessing.de\/index.php?rest_route=%2Fwp%2Fv2%2Fmedia&parent=396"}],"curies":[{"name":"wp","href":"https:\/\/api.w.org\/{rel}","templated":true}]}}