{"id":106,"date":"2015-06-19T10:48:29","date_gmt":"2015-06-19T08:48:29","guid":{"rendered":"http:\/\/gaestehaus.reiterhof-bad-fuessing.de\/?page_id=106"},"modified":"2026-03-04T10:45:13","modified_gmt":"2026-03-04T09:45:13","slug":"ferienwohnung","status":"publish","type":"page","link":"https:\/\/gaestehaus.reiterhof-bad-fuessing.de\/?page_id=106","title":{"rendered":"Ferienwohnung"},"content":{"rendered":"\n<div class=\"wp-block-columns\">\n<div class=\"wp-block-column\" style=\"flex-basis:100%\">\n<div class=\"wp-block-group\"><div class=\"wp-block-group__inner-container\">\n<h1 style=\"text-align: center;\">Liebe G\u00e4ste,<\/h1>\n<h3 style=\"text-align: center;\"><span style=\"color: #ff0000;\"><a href=\"https:\/\/gaestehaus.reiterhof-bad-fuessing.de\/wp-content\/uploads\/2024\/03\/02458eff-4219-4342-917c-78f4a5bfb039.jpg\"><img loading=\"lazy\" class=\"alignnone size-medium wp-image-746\" src=\"https:\/\/gaestehaus.reiterhof-bad-fuessing.de\/wp-content\/uploads\/2024\/03\/02458eff-4219-4342-917c-78f4a5bfb039-245x300.jpg\" alt=\"\" width=\"245\" height=\"300\" srcset=\"https:\/\/gaestehaus.reiterhof-bad-fuessing.de\/wp-content\/uploads\/2024\/03\/02458eff-4219-4342-917c-78f4a5bfb039-245x300.jpg 245w, https:\/\/gaestehaus.reiterhof-bad-fuessing.de\/wp-content\/uploads\/2024\/03\/02458eff-4219-4342-917c-78f4a5bfb039-838x1024.jpg 838w, https:\/\/gaestehaus.reiterhof-bad-fuessing.de\/wp-content\/uploads\/2024\/03\/02458eff-4219-4342-917c-78f4a5bfb039-768x939.jpg 768w, https:\/\/gaestehaus.reiterhof-bad-fuessing.de\/wp-content\/uploads\/2024\/03\/02458eff-4219-4342-917c-78f4a5bfb039.jpg 997w\" sizes=\"(max-width: 245px) 100vw, 245px\" \/><\/a>\u00a0 \u00a0<br \/><\/span><\/h3>\n<h3 style=\"text-align: center;\"><span style=\"color: #008000;\">Das Fr\u00fchjahr ist im Anmarsch!<\/span><\/h3>\n<h4 style=\"text-align: center;\"><span style=\"color: #ff0000;\">Sonderkonditionen f\u00fcr die Monate\u00a0<\/span><\/h4>\n<h3 style=\"text-align: center;\"><span style=\"color: #ff0000;\">M\u00e4rz 2026 + November 2026 bis M\u00e4rz 2027<\/span><\/h3>\n<h4 style=\"text-align: center;\"><span style=\"color: #ff0000;\">Nachla\u00df ca. 5% je Nacht,<\/span><span style=\"color: #ff0000;\"> Ausnahme 20.12.2026-06.01.2027<\/span><\/h4>\n<h4 style=\"text-align: center;\">Wir haben durch aktuelle Stornierungen vom 7.6.-21.6. und 19.7.-1.8. eine Wohnung im 1.OG frei, ebenso sind im Juli vom 12.7-26.7. durchgehend noch 2 Wohnungen frei.<\/h4>\n<h4 style=\"text-align: center;\">April und Mai gibt es auch noch freie Wohnungen!<\/h4>\n<h3 style=\"text-align: center;\"><span style=\"color: #008080;\">Seit 15. M\u00e4rz 2025 ist ja auch unser Restaurant wieder ge\u00f6ffnet! Deutsche K\u00fcche! <\/span><\/h3>\n<h3 style=\"text-align: center;\"><span style=\"color: #008080;\">Alle G\u00e4ste sind begeistert<\/span><\/h3>\n<p>\u00a0\u00a0\u00a0\u00a0\u00a0\u00a0\u00a0\u00a0\u00a0\u00a0\u00a0\u00a0\u00a0\u00a0\u00a0\u00a0\u00a0\u00a0\u00a0\u00a0\u00a0\u00a0\u00a0\u00a0\u00a0\u00a0\u00a0\u00a0\u00a0\u00a0\u00a0\u00a0\u00a0\u00a0\u00a0\u00a0\u00a0\u00a0\u00a0\u00a0<a href=\"https:\/\/gaestehaus.reiterhof-bad-fuessing.de\/wp-content\/uploads\/2024\/03\/02458eff-4219-4342-917c-78f4a5bfb039.jpg\"><img loading=\"lazy\" class=\"alignnone size-medium wp-image-746\" src=\"https:\/\/gaestehaus.reiterhof-bad-fuessing.de\/wp-content\/uploads\/2024\/03\/02458eff-4219-4342-917c-78f4a5bfb039-245x300.jpg\" alt=\"\" width=\"245\" height=\"300\" srcset=\"https:\/\/gaestehaus.reiterhof-bad-fuessing.de\/wp-content\/uploads\/2024\/03\/02458eff-4219-4342-917c-78f4a5bfb039-245x300.jpg 245w, https:\/\/gaestehaus.reiterhof-bad-fuessing.de\/wp-content\/uploads\/2024\/03\/02458eff-4219-4342-917c-78f4a5bfb039-838x1024.jpg 838w, https:\/\/gaestehaus.reiterhof-bad-fuessing.de\/wp-content\/uploads\/2024\/03\/02458eff-4219-4342-917c-78f4a5bfb039-768x939.jpg 768w, https:\/\/gaestehaus.reiterhof-bad-fuessing.de\/wp-content\/uploads\/2024\/03\/02458eff-4219-4342-917c-78f4a5bfb039.jpg 997w\" sizes=\"(max-width: 245px) 100vw, 245px\" \/>\u00a0\u00a0\u00a0<\/a><\/p>\n<h3 style=\"text-align: center;\"><span style=\"color: #008080;\">\u00a0<\/span><\/h3>\n<h3 style=\"text-align: center;\">\u00a0<\/h3>\n<h3 style=\"text-align: center;\">Unsere sch\u00f6nen Wohnungen erwarten Sie !<\/h3>\n<p style=\"text-align: center;\"><strong>\u00a0<\/strong>(6 Zweizimmer &#8211; Ferienwohnungen\u00a0 und 1 Einzimmer- Ferienwohnung ),<\/p>\n<p style=\"text-align: center;\">Wir sind ein Nichtraucherhaus und leider sind keine Haustiere erlaubt!<\/p>\n<p><iframe style=\"width: 100%; height: 1800px;\" src=\"https:\/\/tbooking.toubiz.de\/GER00020060283484862\/tbooking?globalReset=1\" width=\"300\" height=\"150\"><\/iframe><\/p>\n<\/div><\/div>\n<\/div>\n<\/div>\n","protected":false},"excerpt":{"rendered":"","protected":false},"author":1,"featured_media":0,"parent":0,"menu_order":0,"comment_status":"closed","ping_status":"closed","template":"","meta":{"_links_to":"","_links_to_target":""},"_links":{"self":[{"href":"https:\/\/gaestehaus.reiterhof-bad-fuessing.de\/index.php?rest_route=\/wp\/v2\/pages\/106"}],"collection":[{"href":"https:\/\/gaestehaus.reiterhof-bad-fuessing.de\/index.php?rest_route=\/wp\/v2\/pages"}],"about":[{"href":"https:\/\/gaestehaus.reiterhof-bad-fuessing.de\/index.php?rest_route=\/wp\/v2\/types\/page"}],"author":[{"embeddable":true,"href":"https:\/\/gaestehaus.reiterhof-bad-fuessing.de\/index.php?rest_route=\/wp\/v2\/users\/1"}],"replies":[{"embeddable":true,"href":"https:\/\/gaestehaus.reiterhof-bad-fuessing.de\/index.php?rest_route=%2Fwp%2Fv2%2Fcomments&post=106"}],"version-history":[{"count":137,"href":"https:\/\/gaestehaus.reiterhof-bad-fuessing.de\/index.php?rest_route=\/wp\/v2\/pages\/106\/revisions"}],"predecessor-version":[{"id":847,"href":"https:\/\/gaestehaus.reiterhof-bad-fuessing.de\/index.php?rest_route=\/wp\/v2\/pages\/106\/revisions\/847"}],"wp:attachment":[{"href":"https:\/\/gaestehaus.reiterhof-bad-fuessing.de\/index.php?rest_route=%2Fwp%2Fv2%2Fmedia&parent=106"}],"curies":[{"name":"wp","href":"https:\/\/api.w.org\/{rel}","templated":true}]}}